[INFO] cloning repository https://github.com/dpc/brainwiki
[INFO] running `Command { std: "git" "-c" "credential.helper=" "-c" "credential.helper=/workspace/cargo-home/bin/git-credential-null" "clone" "--bare" "https://github.com/dpc/brainwiki" "/workspace/cache/git-repos/https%3A%2F%2Fgithub.com%2Fdpc%2Fbrainwiki", kill_on_drop: false }`
[INFO] [stderr] Cloning into bare repository '/workspace/cache/git-repos/https%3A%2F%2Fgithub.com%2Fdpc%2Fbrainwiki'...
[INFO] running `Command { std: "git" "rev-parse" "HEAD", kill_on_drop: false }`
[INFO] [stdout] bd049182c8a02c11b4bde3c55335c8653bae7e2e
[INFO] checking dpc/brainwiki against try#72f88fc4e9458f89516a0b8b0868f3718aec5b47 for pr-74989
[INFO] running `Command { std: "git" "clone" "/workspace/cache/git-repos/https%3A%2F%2Fgithub.com%2Fdpc%2Fbrainwiki" "/workspace/builds/worker-8/source", kill_on_drop: false }`
[INFO] [stderr] Cloning into '/workspace/builds/worker-8/source'...
[INFO] [stderr] done.
[INFO] validating manifest of git repo https://github.com/dpc/brainwiki on toolchain 72f88fc4e9458f89516a0b8b0868f3718aec5b47
[INFO] running `Command { std: "/workspace/cargo-home/bin/cargo" "+72f88fc4e9458f89516a0b8b0868f3718aec5b47" "read-manifest" "--manifest-path" "Cargo.toml", kill_on_drop: false }`
[INFO] started tweaking git repo https://github.com/dpc/brainwiki
[INFO] finished tweaking git repo https://github.com/dpc/brainwiki
[INFO] tweaked toml for git repo https://github.com/dpc/brainwiki written to /workspace/builds/worker-8/source/Cargo.toml
[INFO] crate git repo https://github.com/dpc/brainwiki already has a lockfile, it will not be regenerated
[INFO] running `Command { std: "/workspace/cargo-home/bin/cargo" "+72f88fc4e9458f89516a0b8b0868f3718aec5b47" "fetch" "--locked" "--manifest-path" "Cargo.toml", kill_on_drop: false }`
[INFO] [stderr] warning: the cargo feature `edition` is now stable and is no longer necessary to be listed in the manifest
[INFO] [stderr]     Updating git repository `http://github.com/dpc/stpl`
[INFO] [stderr]  Downloading crates ...
[INFO] [stderr]   Downloaded structopt-derive v0.2.10
[INFO] [stderr]   Downloaded env_logger v0.5.10
[INFO] [stderr]   Downloaded mio-uds v0.6.6
[INFO] [stderr]   Downloaded skeptic v0.13.3
[INFO] [stderr]   Downloaded rpassword v2.0.0
[INFO] [stderr]   Downloaded notify v4.0.3
[INFO] [stderr]   Downloaded inotify v0.3.0
[INFO] [stderr]   Downloaded stable_deref_trait v1.1.0
[INFO] [stderr]   Downloaded regex v1.0.2
[INFO] [stderr]   Downloaded matches v0.1.7
[INFO] [stderr]   Downloaded http v0.1.7
[INFO] [stderr]   Downloaded flate2 v1.0.1
[INFO] [stderr]   Downloaded serde_urlencoded v0.5.2
[INFO] [stderr]   Downloaded smallvec v0.6.3
[INFO] [stderr]   Downloaded quicli v0.3.0
[INFO] [stderr]   Downloaded fastpbkdf2 v0.1.0
[INFO] [stderr]   Downloaded structopt v0.2.10
[INFO] [stderr]   Downloaded actix v0.5.8
[INFO] [stderr]   Downloaded proc-macro2 v0.4.8
[INFO] [stderr]   Downloaded socket2 v0.3.7
[INFO] [stderr]   Downloaded crossbeam-channel v0.1.3
[INFO] [stderr]   Downloaded trust-dns-proto v0.3.3
[INFO] [stderr]   Downloaded actix_derive v0.2.0
[INFO] [stderr]   Downloaded tokio-signal v0.1.5
[INFO] [stderr]   Downloaded serde_bytes v0.10.4
[INFO] [stderr]   Downloaded trust-dns-resolver v0.8.2
[INFO] [stderr]   Downloaded pulldown-cmark v0.1.2
[INFO] [stderr]   Downloaded listenfd v0.3.3
[INFO] [stderr]   Downloaded cargo_metadata v0.5.8
[INFO] [stderr]   Downloaded ipconfig v0.1.6
[INFO] [stderr]   Downloaded data-encoding v2.1.1
[INFO] [stderr]   Downloaded libpasta v0.0.5
[INFO] [stderr]   Downloaded actix-web v0.6.15
[INFO] [stderr]   Downloaded http-range v0.1.1
[INFO] [stderr]   Downloaded boolinator v2.4.0
[INFO] [stderr]   Downloaded file v1.1.2
[INFO] [stderr]   Downloaded bytecount v0.3.1
[INFO] [stderr]   Downloaded serde_mcf v0.1.3
[INFO] [stderr]   Downloaded ring-pwhash v0.12.0
[INFO] [stderr]   Downloaded cargon v0.0.1
[INFO] [stderr]   Downloaded derive_more v0.11.0
[INFO] [stderr]   Downloaded ring v0.12.1
[INFO] running `Command { std: "docker" "create" "-v" "/var/lib/crater-agent-workspace/builds/worker-8/target:/opt/rustwide/target:rw,Z" "-v" "/var/lib/crater-agent-workspace/builds/worker-8/source:/opt/rustwide/workdir:ro,Z" "-v" "/var/lib/crater-agent-workspace/cargo-home:/opt/rustwide/cargo-home:ro,Z" "-v" "/var/lib/crater-agent-workspace/rustup-home:/opt/rustwide/rustup-home:ro,Z" "-e" "SOURCE_DIR=/opt/rustwide/workdir" "-e" "CARGO_TARGET_DIR=/opt/rustwide/target" "-e" "CARGO_HOME=/opt/rustwide/cargo-home" "-e" "RUSTUP_HOME=/opt/rustwide/rustup-home" "-w" "/opt/rustwide/workdir" "-m" "1610612736" "--user" "0:0" "--network" "none" "rustops/crates-build-env@sha256:d92eaeed33fa75130ca1ee6c8a01d1ffb62bac859dfdfb3450e3e5d1c0146529" "/opt/rustwide/cargo-home/bin/cargo" "+72f88fc4e9458f89516a0b8b0868f3718aec5b47" "metadata" "--no-deps" "--format-version=1", kill_on_drop: false }`
[INFO] [stderr] WARNING: Your kernel does not support swap limit capabilities or the cgroup is not mounted. Memory limited without swap.
[INFO] [stdout] 71080ddc3a8e50ba73b8084d958c08db296124a20ec87e3ef1fd165897d84f14
[INFO] running `Command { std: "docker" "start" "-a" "71080ddc3a8e50ba73b8084d958c08db296124a20ec87e3ef1fd165897d84f14", kill_on_drop: false }`
[INFO] running `Command { std: "docker" "inspect" "71080ddc3a8e50ba73b8084d958c08db296124a20ec87e3ef1fd165897d84f14", kill_on_drop: false }`
[INFO] running `Command { std: "docker" "rm" "-f" "71080ddc3a8e50ba73b8084d958c08db296124a20ec87e3ef1fd165897d84f14", kill_on_drop: false }`
[INFO] [stdout] 71080ddc3a8e50ba73b8084d958c08db296124a20ec87e3ef1fd165897d84f14
[INFO] running `Command { std: "docker" "create" "-v" "/var/lib/crater-agent-workspace/builds/worker-8/target:/opt/rustwide/target:rw,Z" "-v" "/var/lib/crater-agent-workspace/builds/worker-8/source:/opt/rustwide/workdir:ro,Z" "-v" "/var/lib/crater-agent-workspace/cargo-home:/opt/rustwide/cargo-home:ro,Z" "-v" "/var/lib/crater-agent-workspace/rustup-home:/opt/rustwide/rustup-home:ro,Z" "-e" "SOURCE_DIR=/opt/rustwide/workdir" "-e" "CARGO_TARGET_DIR=/opt/rustwide/target" "-e" "CARGO_INCREMENTAL=0" "-e" "RUST_BACKTRACE=full" "-e" "RUSTFLAGS=--cap-lints=forbid" "-e" "CARGO_HOME=/opt/rustwide/cargo-home" "-e" "RUSTUP_HOME=/opt/rustwide/rustup-home" "-w" "/opt/rustwide/workdir" "-m" "1610612736" "--user" "0:0" "--network" "none" "rustops/crates-build-env@sha256:d92eaeed33fa75130ca1ee6c8a01d1ffb62bac859dfdfb3450e3e5d1c0146529" "/opt/rustwide/cargo-home/bin/cargo" "+72f88fc4e9458f89516a0b8b0868f3718aec5b47" "check" "--frozen" "--all" "--all-targets" "--message-format=json", kill_on_drop: false }`
[INFO] [stdout] c695a2e9b6a92e9538c17ba4a51fe3599df14875d313f83976b1c797ecd6e6d0
[INFO] [stderr] WARNING: Your kernel does not support swap limit capabilities or the cgroup is not mounted. Memory limited without swap.
[INFO] running `Command { std: "docker" "start" "-a" "c695a2e9b6a92e9538c17ba4a51fe3599df14875d313f83976b1c797ecd6e6d0", kill_on_drop: false }`
[INFO] [stderr] warning: the cargo feature `edition` is now stable and is no longer necessary to be listed in the manifest
[INFO] [stderr]     Checking libc v0.2.42
[INFO] [stderr]     Checking cfg-if v0.1.4
[INFO] [stderr]    Compiling cc v1.0.18
[INFO] [stderr]    Compiling version_check v0.1.4
[INFO] [stderr]     Checking lazy_static v1.0.2
[INFO] [stderr]     Checking nodrop v0.1.12
[INFO] [stderr]    Compiling unicode-xid v0.1.0
[INFO] [stderr]     Checking byteorder v1.2.3
[INFO] [stderr]    Compiling serde v1.0.70
[INFO] [stderr]     Checking futures v0.1.23
[INFO] [stderr]     Checking memoffset v0.2.1
[INFO] [stderr]     Checking scopeguard v0.3.3
[INFO] [stderr]    Compiling gcc v0.3.54
[INFO] [stderr]    Compiling rayon-core v1.4.1
[INFO] [stderr]     Checking encoding_index_tests v0.1.4
[INFO] [stderr]     Checking rustc-demangle v0.1.9
[INFO] [stderr]     Checking slab v0.4.0
[INFO] [stderr]     Checking lazycell v0.6.0
[INFO] [stderr]    Compiling unicode-xid v0.0.4
[INFO] [stderr]    Compiling quote v0.3.15
[INFO] [stderr]     Checking matches v0.1.7
[INFO] [stderr]    Compiling pulldown-cmark v0.1.2
[INFO] [stderr]     Checking quick-error v1.2.2
[INFO] [stderr]     Checking unicode-normalization v0.1.7
[INFO] [stderr]     Checking itoa v0.4.2
[INFO] [stderr]    Compiling semver-parser v0.7.0
[INFO] [stderr]    Compiling indexmap v1.0.1
[INFO] [stderr]    Compiling backtrace v0.2.3
[INFO] [stderr]    Compiling dtoa v0.4.3
[INFO] [stderr]     Checking bitflags v1.0.3
[INFO] [stderr]    Compiling same-file v1.0.2
[INFO] [stderr]    Compiling regex v1.0.2
[INFO] [stderr]    Compiling bitflags v0.9.1
[INFO] [stderr]    Compiling num-traits v0.2.5
[INFO] [stderr]    Compiling glob v0.2.11
[INFO] [stderr]     Checking untrusted v0.5.1
[INFO] [stderr]    Compiling bytecount v0.3.1
[INFO] [stderr]     Checking stable_deref_trait v1.1.0
[INFO] [stderr]     Checking linked-hash-map v0.4.2
[INFO] [stderr]     Checking strsim v0.7.0
[INFO] [stderr]     Checking vec_map v0.8.1
[INFO] [stderr]     Checking either v1.5.0
[INFO] [stderr]    Compiling rayon v1.0.2
[INFO] [stderr]    Compiling num-integer v0.1.39
[INFO] [stderr]     Checking data-encoding v2.1.1
[INFO] [stderr]     Checking bitflags v0.4.0
[INFO] [stderr]    Compiling httparse v1.3.2
[INFO] [stderr]     Checking slab v0.1.3
[INFO] [stderr]     Checking string v0.1.1
[INFO] [stderr]     Checking bytes v0.3.0
[INFO] [stderr]     Checking http-range v0.1.1
[INFO] [stderr]     Checking stpl v0.5.0 (http://github.com/dpc/stpl#f524d39a)
[INFO] [stderr]     Checking file v1.1.2
[INFO] [stderr]     Checking json v0.11.13
[INFO] [stderr]     Checking hex v0.3.2
[INFO] [stderr]     Checking boolinator v2.4.0
[INFO] [stderr]    Compiling dbghelp-sys v0.2.0
[INFO] [stderr]    Compiling ws2_32-sys v0.2.1
[INFO] [stderr]    Compiling crossbeam-utils v0.2.2
[INFO] [stderr]     Checking log v0.4.3
[INFO] [stderr]     Checking crossbeam-utils v0.3.2
[INFO] [stderr]     Checking encoding-index-japanese v1.20141219.5
[INFO] [stderr]     Checking encoding-index-tradchinese v1.20141219.5
[INFO] [stderr]     Checking encoding-index-simpchinese v1.20141219.5
[INFO] [stderr]     Checking encoding-index-singlebyte v1.20141219.5
[INFO] [stderr]     Checking encoding-index-korean v1.20141219.5
[INFO] [stderr]     Checking arrayvec v0.4.7
[INFO] [stderr]    Compiling proc-macro2 v0.4.8
[INFO] [stderr]    Compiling proc-macro2 v0.3.5
[INFO] [stderr]    Compiling synom v0.11.3
[INFO] [stderr]     Checking unicode-bidi v0.3.4
[INFO] [stderr]    Compiling getopts v0.2.18
[INFO] [stderr]     Checking humantime v1.1.1
[INFO] [stderr]     Checking textwrap v0.10.0
[INFO] [stderr]    Compiling rand v0.4.2
[INFO] [stderr]    Compiling num_cpus v1.8.0
[INFO] [stderr]     Checking regex-syntax v0.6.2
[INFO] [stderr]    Compiling unicase v1.4.2
[INFO] [stderr]    Compiling unicase v2.1.0
[INFO] [stderr]    Compiling actix_derive v0.2.0
[INFO] [stderr]    Compiling actix-web v0.6.15
[INFO] [stderr]     Checking iovec v0.1.2
[INFO] [stderr]     Checking net2 v0.2.33
[INFO] [stderr]     Checking time v0.1.40
[INFO] [stderr]     Checking memchr v2.0.1
[INFO] [stderr]     Checking atty v0.2.10
[INFO] [stderr]     Checking hostname v0.1.5
[INFO] [stderr]     Checking rpassword v2.0.0
[INFO] [stderr]     Checking filetime v0.1.15
[INFO] [stderr]     Checking inotify v0.3.0
[INFO] [stderr]     Checking listenfd v0.3.3
[INFO] [stderr]    Compiling walkdir v2.1.4
[INFO] [stderr]     Checking owning_ref v0.3.3
[INFO] [stderr]     Checking base64 v0.6.0
[INFO] [stderr]     Checking base64 v0.9.2
[INFO] [stderr]     Checking itertools v0.7.8
[INFO] [stderr]     Checking lru-cache v0.1.1
[INFO] [stderr]     Checking nix v0.5.1
[INFO] [stderr]    Compiling fastpbkdf2 v0.1.0
[INFO] [stderr]    Compiling rust-crypto v0.2.36
[INFO] [stderr]    Compiling cargon v0.0.1
[INFO] [stderr]     Checking log v0.3.9
[INFO] [stderr]     Checking smallvec v0.6.3
[INFO] [stderr]     Checking thread_local v0.3.5
[INFO] [stderr]    Compiling syn v0.11.11
[INFO] [stderr]     Checking crossbeam-epoch v0.4.3
[INFO] [stderr]     Checking crossbeam-epoch v0.3.1
[INFO] [stderr]     Checking blake2-rfc v0.2.18
[INFO] [stderr]     Checking tokio-executor v0.1.2
[INFO] [stderr]     Checking encoding v0.2.33
[INFO] [stderr]    Compiling quote v0.6.3
[INFO] [stderr]     Checking idna v0.1.5
[INFO] [stderr]    Compiling quote v0.5.2
[INFO] [stderr]    Compiling backtrace-sys v0.1.23
[INFO] [stderr]    Compiling brotli-sys v0.3.2
[INFO] [stderr]    Compiling miniz-sys v0.1.10
[INFO] [stderr]    Compiling clear_on_drop v0.2.3
[INFO] [stderr]     Checking bytes v0.4.8
[INFO] [stderr]     Checking futures-cpupool v0.1.8
[INFO] [stderr]     Checking resolv-conf v0.6.1
[INFO] [stderr]     Checking clap v2.32.0
[INFO] [stderr]     Checking aho-corasick v0.6.6
[INFO] [stderr]     Checking mio v0.6.15
[INFO] [stderr]     Checking rand v0.3.22
[INFO] [stderr]     Checking uuid v0.6.5
[INFO] [stderr]    Compiling tempdir v0.3.7
[INFO] [stderr]     Checking parking_lot_core v0.2.14
[INFO] [stderr]     Checking tokio-timer v0.2.4
[INFO] [stderr]    Compiling syn v0.14.4
[INFO] [stderr]     Checking crossbeam-deque v0.3.1
[INFO] [stderr]     Checking argon2rs v0.2.5
[INFO] [stderr]     Checking crossbeam-deque v0.2.0
[INFO] [stderr]    Compiling syn v0.13.11
[INFO] [stderr]     Checking url v1.7.1
[INFO] [stderr]     Checking miow v0.1.5
[INFO] [stderr]     Checking tokio-io v0.1.7
[INFO] [stderr]     Checking http v0.1.7
[INFO] [stderr]     Checking tokio-threadpool v0.1.5
[INFO] [stderr]     Checking parking_lot v0.5.5
[INFO] [stderr]     Checking mio-uds v0.6.6
[INFO] [stderr]     Checking phf_shared v0.7.22
[INFO] [stderr]     Checking mime v0.3.8
[INFO] [stderr]     Checking mio v0.5.1
[INFO] [stderr]     Checking num-traits v0.1.43
[INFO] [stderr]     Checking tokio-reactor v0.1.2
[INFO] [stderr]     Checking tokio-codec v0.1.0
[INFO] [stderr]     Checking crossbeam-channel v0.1.3
[INFO] [stderr]    Compiling synstructure v0.6.1
[INFO] [stderr]     Checking phf v0.7.22
[INFO] [stderr]     Checking tokio-fs v0.1.2
[INFO] [stderr]    Compiling phf_generator v0.7.22
[INFO] [stderr]    Compiling rayon v0.8.2
[INFO] [stderr]     Checking backtrace v0.3.9
[INFO] [stderr]     Checking flate2 v1.0.1
[INFO] [stderr]     Checking chrono v0.4.4
[INFO] [stderr]     Checking notify v4.0.3
[INFO] [stderr]     Checking tokio-udp v0.1.1
[INFO] [stderr]     Checking tokio-tcp v0.1.0
[INFO] [stderr]     Checking env_logger v0.5.10
[INFO] [stderr]    Compiling phf_codegen v0.7.22
[INFO] [stderr]     Checking error-chain v0.1.12
[INFO] [stderr]     Checking error-chain v0.11.0
[INFO] [stderr]     Checking h2 v0.1.10
[INFO] [stderr]     Checking tokio v0.1.7
[INFO] [stderr]    Compiling mime_guess v2.0.0-alpha.6
[INFO] [stderr]    Compiling ring v0.12.1
[INFO] [stderr]     Checking tokio-core v0.1.17
[INFO] [stderr]     Checking serde_json v1.0.24
[INFO] [stderr]     Checking toml v0.4.6
[INFO] [stderr]     Checking serde_bytes v0.10.4
[INFO] [stderr]     Checking serde_urlencoded v0.5.2
[INFO] [stderr]     Checking serde_yaml v0.7.5
[INFO] [stderr]    Compiling semver v0.9.0
[INFO] [stderr]     Checking trust-dns-proto v0.3.3
[INFO] [stderr]     Checking tokio-signal v0.1.5
[INFO] [stderr]     Checking brotli2 v0.3.2
[INFO] [stderr]    Compiling derive_more v0.11.0
[INFO] [stderr]    Compiling failure_derive v0.1.1
[INFO] [stderr]    Compiling serde_derive v1.0.70
[INFO] [stderr]    Compiling structopt-derive v0.2.10
[INFO] [stderr]     Checking failure v0.1.1
[INFO] [stderr]     Checking trust-dns-resolver v0.8.2
[INFO] [stderr]     Checking structopt v0.2.10
[INFO] [stderr]     Checking clap-verbosity-flag v0.1.0
[INFO] [stderr]     Checking ring-pwhash v0.12.0
[INFO] [stderr]     Checking cookie v0.10.1
[INFO] [stderr]    Compiling cargo_metadata v0.5.8
[INFO] [stderr]     Checking serde_mcf v0.1.3
[INFO] [stderr]     Checking quicli v0.3.0
[INFO] [stderr]     Checking libpasta v0.0.5
[INFO] [stderr]    Compiling skeptic v0.13.3
[INFO] [stderr]    Compiling actix v0.5.8
[INFO] [stderr]     Checking brainwiki v0.1.0 (/opt/rustwide/workdir)
[INFO] [stdout] warning[E0705]: the feature `rust_2018_preview` is included in the Rust 2018 edition
[INFO] [stdout]   --> src/main.rs:39:12
[INFO] [stdout]    |
[INFO] [stdout] 39 | #![feature(rust_2018_preview, use_extern_macros)]
[INFO] [stdout]    |            ^^^^^^^^^^^^^^^^^
[INFO] [stdout] 
[INFO] [stdout] 
[INFO] [stdout] warning[E0705]: the feature `rust_2018_preview` is included in the Rust 2018 edition
[INFO] [stdout]   --> src/main.rs:39:12
[INFO] [stdout]    |
[INFO] [stdout] 39 | #![feature(rust_2018_preview, use_extern_macros)]
[INFO] [stdout]    |            ^^^^^^^^^^^^^^^^^
[INFO] [stdout] 
[INFO] [stdout] 
[INFO] [stdout] error[E0583]: file not found for module `util`
[INFO] [stdout]   --> src/main.rs:71:1
[INFO] [stdout]    |
[INFO] [stdout] 71 | mod util;
[INFO] [stdout]    | ^^^^^^^^^
[INFO] [stdout]    |
[INFO] [stdout]    = help: to create the module `util`, create file "src/util.rs"
[INFO] [stdout] 
[INFO] [stdout] 
[INFO] [stdout] error[E0583]: file not found for module `util`
[INFO] [stdout]   --> src/main.rs:71:1
[INFO] [stdout]    |
[INFO] [stdout] 71 | mod util;
[INFO] [stdout]    | ^^^^^^^^^
[INFO] [stdout]    |
[INFO] [stdout]    = help: to create the module `util`, create file "src/util.rs"
[INFO] [stdout] 
[INFO] [stdout] 
[INFO] [stdout] error[E0432]: unresolved imports `crate::util::deserialize_as_hex`, `crate::util::serialize_as_hex`
[INFO] [stdout]  --> src/settings.rs:4:19
[INFO] [stdout]   |
[INFO] [stdout] 4 | use crate::util::{deserialize_as_hex, serialize_as_hex};
[INFO] [stdout]   |                   ^^^^^^^^^^^^^^^^^^  ^^^^^^^^^^^^^^^^ no `serialize_as_hex` in `util`
[INFO] [stdout]   |                   |
[INFO] [stdout]   |                   no `deserialize_as_hex` in `util`
[INFO] [stdout] 
[INFO] [stdout] 
[INFO] [stdout] error[E0432]: unresolved imports `crate::util::deserialize_as_hex`, `crate::util::serialize_as_hex`
[INFO] [stdout]  --> src/settings.rs:4:19
[INFO] [stdout]   |
[INFO] [stdout] 4 | use crate::util::{deserialize_as_hex, serialize_as_hex};
[INFO] [stdout]   |                   ^^^^^^^^^^^^^^^^^^  ^^^^^^^^^^^^^^^^ no `serialize_as_hex` in `util`
[INFO] [stdout]   |                   |
[INFO] [stdout]   |                   no `deserialize_as_hex` in `util`
[INFO] [stdout] 
[INFO] [stdout] 
[INFO] [stdout] warning: trait objects without an explicit `dyn` are deprecated
[INFO] [stdout]    --> src/tpl/base.rs:111:13
[INFO] [stdout]     |
[INFO] [stdout] 111 |     js: Box<Render + 'static>,
[INFO] [stdout]     |             ^^^^^^^^^^^^^^^^ help: use `dyn`: `dyn Render + 'static`
[INFO] [stdout]     |
[INFO] [stdout]     = note: `#[warn(bare_trait_objects)]` on by default
[INFO] [stdout] 
[INFO] [stdout] 
[INFO] [stdout] warning: trait objects without an explicit `dyn` are deprecated
[INFO] [stdout]   --> src/tpl/misc.rs:22:31
[INFO] [stdout]    |
[INFO] [stdout] 22 | pub struct BreadCrumbItem(Box<Render>);
[INFO] [stdout]    |                               ^^^^^^ help: use `dyn`: `dyn Render`
[INFO] [stdout] 
[INFO] [stdout] 
[INFO] [stdout] warning: trait objects without an explicit `dyn` are deprecated
[INFO] [stdout]   --> src/tpl/misc.rs:36:32
[INFO] [stdout]    |
[INFO] [stdout] 36 |             .collect::<Vec<Box<Render>>>(),
[INFO] [stdout]    |                                ^^^^^^ help: use `dyn`: `dyn Render`
[INFO] [stdout] 
[INFO] [stdout] 
[INFO] [stdout] warning: trait objects without an explicit `dyn` are deprecated
[INFO] [stdout]   --> src/tpl/misc.rs:35:87
[INFO] [stdout]    |
[INFO] [stdout] 35 |             .map(|(_, render)| Box::new(li.class("breadcrumb-item")(render.0)) as Box<Render>)
[INFO] [stdout]    |                                                                                       ^^^^^^ help: use `dyn`: `dyn Render`
[INFO] [stdout] 
[INFO] [stdout] 
[INFO] [stdout] warning: trait objects without an explicit `dyn` are deprecated
[INFO] [stdout]   --> src/tpl/misc.rs:96:53
[INFO] [stdout]    |
[INFO] [stdout] 96 | pub fn breadcrumb_from_tags(tags: &[String]) -> Box<Render> {
[INFO] [stdout]    |                                                     ^^^^^^ help: use `dyn`: `dyn Render`
[INFO] [stdout] 
[INFO] [stdout] 
[INFO] [stdout] warning: trait objects without an explicit `dyn` are deprecated
[INFO] [stdout]    --> src/web.rs:138:10
[INFO] [stdout]     |
[INFO] [stdout] 138 | ) -> Box<Future<Item = HttpResponse, Error = error::Error>> {
[INFO] [stdout]     |          ^^^^^^^^^^^^^^^^^^^^^^^^^^^^^^^^^^^^^^^^^^^^^^^^^ help: use `dyn`: `dyn Future<Item = HttpResponse, Error = error::Error>`
[INFO] [stdout] 
[INFO] [stdout] 
[INFO] [stdout] warning: trait objects without an explicit `dyn` are deprecated
[INFO] [stdout]    --> src/web.rs:202:17
[INFO] [stdout]     |
[INFO] [stdout] 202 | ) -> Result<Box<Future<Item = HttpResponse, Error = error::Error>>>
[INFO] [stdout]     |                 ^^^^^^^^^^^^^^^^^^^^^^^^^^^^^^^^^^^^^^^^^^^^^^^^^ help: use `dyn`: `dyn Future<Item = HttpResponse, Error = error::Error>`
[INFO] [stdout] 
[INFO] [stdout] 
[INFO] [stdout] warning: trait objects without an explicit `dyn` are deprecated
[INFO] [stdout]    --> src/web.rs:251:9
[INFO] [stdout]     |
[INFO] [stdout] 251 |     Box<Future<Item = HttpResponse, Error = error::Error>>,
[INFO] [stdout]     |         ^^^^^^^^^^^^^^^^^^^^^^^^^^^^^^^^^^^^^^^^^^^^^^^^^ help: use `dyn`: `dyn Future<Item = HttpResponse, Error = error::Error>`
[INFO] [stdout] 
[INFO] [stdout] 
[INFO] [stdout] warning: trait objects without an explicit `dyn` are deprecated
[INFO] [stdout]    --> src/tpl/base.rs:111:13
[INFO] [stdout]     |
[INFO] [stdout] 111 |     js: Box<Render + 'static>,
[INFO] [stdout]     |             ^^^^^^^^^^^^^^^^ help: use `dyn`: `dyn Render + 'static`
[INFO] [stdout]     |
[INFO] [stdout]     = note: `#[warn(bare_trait_objects)]` on by default
[INFO] [stdout] 
[INFO] [stdout] 
[INFO] [stdout] warning: trait objects without an explicit `dyn` are deprecated
[INFO] [stdout]   --> src/tpl/misc.rs:22:31
[INFO] [stdout]    |
[INFO] [stdout] 22 | pub struct BreadCrumbItem(Box<Render>);
[INFO] [stdout]    |                               ^^^^^^ help: use `dyn`: `dyn Render`
[INFO] [stdout] 
[INFO] [stdout] 
[INFO] [stdout] warning: trait objects without an explicit `dyn` are deprecated
[INFO] [stdout]   --> src/tpl/misc.rs:36:32
[INFO] [stdout]    |
[INFO] [stdout] 36 |             .collect::<Vec<Box<Render>>>(),
[INFO] [stdout]    |                                ^^^^^^ help: use `dyn`: `dyn Render`
[INFO] [stdout] 
[INFO] [stdout] 
[INFO] [stdout] warning: trait objects without an explicit `dyn` are deprecated
[INFO] [stdout]   --> src/tpl/misc.rs:35:87
[INFO] [stdout]    |
[INFO] [stdout] 35 |             .map(|(_, render)| Box::new(li.class("breadcrumb-item")(render.0)) as Box<Render>)
[INFO] [stdout]    |                                                                                       ^^^^^^ help: use `dyn`: `dyn Render`
[INFO] [stdout] 
[INFO] [stdout] 
[INFO] [stdout] warning: trait objects without an explicit `dyn` are deprecated
[INFO] [stdout]   --> src/tpl/misc.rs:96:53
[INFO] [stdout]    |
[INFO] [stdout] 96 | pub fn breadcrumb_from_tags(tags: &[String]) -> Box<Render> {
[INFO] [stdout]    |                                                     ^^^^^^ help: use `dyn`: `dyn Render`
[INFO] [stdout] 
[INFO] [stdout] 
[INFO] [stdout] warning: trait objects without an explicit `dyn` are deprecated
[INFO] [stdout]    --> src/web.rs:138:10
[INFO] [stdout]     |
[INFO] [stdout] 138 | ) -> Box<Future<Item = HttpResponse, Error = error::Error>> {
[INFO] [stdout]     |          ^^^^^^^^^^^^^^^^^^^^^^^^^^^^^^^^^^^^^^^^^^^^^^^^^ help: use `dyn`: `dyn Future<Item = HttpResponse, Error = error::Error>`
[INFO] [stdout] 
[INFO] [stdout] 
[INFO] [stdout] warning: trait objects without an explicit `dyn` are deprecated
[INFO] [stdout]    --> src/web.rs:202:17
[INFO] [stdout]     |
[INFO] [stdout] 202 | ) -> Result<Box<Future<Item = HttpResponse, Error = error::Error>>>
[INFO] [stdout]     |                 ^^^^^^^^^^^^^^^^^^^^^^^^^^^^^^^^^^^^^^^^^^^^^^^^^ help: use `dyn`: `dyn Future<Item = HttpResponse, Error = error::Error>`
[INFO] [stdout] 
[INFO] [stdout] 
[INFO] [stdout] warning: trait objects without an explicit `dyn` are deprecated
[INFO] [stdout]    --> src/web.rs:251:9
[INFO] [stdout]     |
[INFO] [stdout] 251 |     Box<Future<Item = HttpResponse, Error = error::Error>>,
[INFO] [stdout]     |         ^^^^^^^^^^^^^^^^^^^^^^^^^^^^^^^^^^^^^^^^^^^^^^^^^ help: use `dyn`: `dyn Future<Item = HttpResponse, Error = error::Error>`
[INFO] [stdout] 
[INFO] [stdout] 
[INFO] [stdout] warning: use of deprecated constant `std::sync::ONCE_INIT`: the `new` function is now preferred
[INFO] [stdout]   --> src/markdown/mod.rs:10:5
[INFO] [stdout]    |
[INFO] [stdout] 10 | /     lazy_static! {
[INFO] [stdout] 11 | |         static ref RE: Regex = Regex::new(r"#[\w\d]+").unwrap();
[INFO] [stdout] 12 | |     }
[INFO] [stdout]    | |_____^
[INFO] [stdout]    |
[INFO] [stdout]    = note: `#[warn(deprecated)]` on by default
[INFO] [stdout]    = note: this warning originates in a macro (in Nightly builds, run with -Z macro-backtrace for more info)
[INFO] [stdout] 
[INFO] [stdout] 
[INFO] [stdout] warning: use of deprecated constant `std::sync::ONCE_INIT`: the `new` function is now preferred
[INFO] [stdout]   --> src/markdown/mod.rs:10:5
[INFO] [stdout]    |
[INFO] [stdout] 10 | /     lazy_static! {
[INFO] [stdout] 11 | |         static ref RE: Regex = Regex::new(r"#[\w\d]+").unwrap();
[INFO] [stdout] 12 | |     }
[INFO] [stdout]    | |_____^
[INFO] [stdout]    |
[INFO] [stdout]    = note: `#[warn(deprecated)]` on by default
[INFO] [stdout]    = note: this warning originates in a macro (in Nightly builds, run with -Z macro-backtrace for more info)
[INFO] [stdout] 
[INFO] [stdout] 
[INFO] [stdout] error: aborting due to 2 previous errors; 10 warnings emitted
[INFO] [stdout] 
[INFO] [stdout] 
[INFO] [stdout] Some errors have detailed explanations: E0432, E0583, E0705.
[INFO] [stdout] 
[INFO] [stdout] For more information about an error, try `rustc --explain E0432`.
[INFO] [stdout] 
[INFO] [stderr] error: could not compile `brainwiki`.
[INFO] [stderr] 
[INFO] [stderr] To learn more, run the command again with --verbose.
[INFO] [stderr] warning: build failed, waiting for other jobs to finish...
[INFO] [stdout] error: aborting due to 2 previous errors; 10 warnings emitted
[INFO] [stdout] 
[INFO] [stdout] 
[INFO] [stdout] Some errors have detailed explanations: E0432, E0583, E0705.
[INFO] [stdout] 
[INFO] [stdout] For more information about an error, try `rustc --explain E0432`.
[INFO] [stdout] 
[INFO] [stderr] error: build failed
[INFO] running `Command { std: "docker" "inspect" "c695a2e9b6a92e9538c17ba4a51fe3599df14875d313f83976b1c797ecd6e6d0", kill_on_drop: false }`
[INFO] running `Command { std: "docker" "rm" "-f" "c695a2e9b6a92e9538c17ba4a51fe3599df14875d313f83976b1c797ecd6e6d0", kill_on_drop: false }`
[INFO] [stdout] c695a2e9b6a92e9538c17ba4a51fe3599df14875d313f83976b1c797ecd6e6d0
